or of 42 and 458024?
14
What is the greatest common divisor of 10051 and 118427?
437
What is the greatest common divisor of 461 and 1117?
1
What is the highest common factor of 1539 and 3667?
19
What is the highest common divisor of 300 and 52860?
60
Calculate the highest common factor of 4255 and 14800.
185
What is the greatest common factor of 290 and 499322?
58
Calculate the greatest common divisor of 342290 and 130.
130
What is the highest common divisor of 19249 and 1?
1
What is the highest common factor of 1781 and 23016?
137
What is the greatest common divisor of 4554 and 161?
23
Calculate the highest common factor of 472006 and 69.
23
What is the greatest common divisor of 147 and 638617?
49
What is the greatest common divisor of 405 and 311904?
27
Calculate the greatest common divisor of 2210 and 6290.
170
What is the highest common factor of 1464 and 39833?
61
What is the highest common divisor of 160939 and 68?
17
Calculate the greatest common divisor of 261 and 2829.
3
What is the highest common divisor of 1482 and 7125?
57
What is the greatest common divisor of 17195760 and 360?
360
Calculate the highest common divisor of 1168 and 38179.
73
What is the greatest common divisor of 121227 and 255?
51
Calculate the highest common divisor of 340 and 604180.
340
Calculate the highest common divisor of 88308 and 72.
36
Calculate the greatest common divisor of 5015 and 10795.
85
Calculate the greatest common factor of 151 and 2364358.
151
Calculate the greatest common divisor of 815863 and 206.
103
What is the highest common factor of 45 and 1904193?
9
What is the highest common divisor of 3600 and 3588?
12
What is the highest common factor of 7933347 and 981?
981
Calculate the highest common factor of 11858 and 5566.
242
What is the highest common divisor of 11 and 18227?
11
Calculate the highest common factor of 3007467 and 151.
151
Calculate the greatest common factor of 133 and 3439.
19
What is the highest common factor of 4619756 and 206?
206
Calculate the greatest common factor of 114 and 131442.
114
Calculate the greatest common factor of 680 and 5251470.
170
What is the greatest common divisor of 373 and 2297307?
373
Calculate the greatest common factor of 730 and 369745.
365
What is the greatest common divisor of 163988 and 66?
22
What is the greatest common factor of 874 and 8774086?
874
What is the highest common factor of 30939 and 3?
3
Calculate the highest common divisor of 108091 and 19.
19
Calculate the highest common divisor of 7 and 1170246.
7
Calculate the highest common divisor of 2871 and 1764.
9
Calculate the highest common factor of 3615 and 435.
15
Calculate the greatest common factor of 1076 and 3497.
269
What is the highest common divisor of 11024 and 23956?
212
Calculate the highest common divisor of 67658 and 2.
2
Calculate the greatest common divisor of 435149 and 358.
179
Calculate the highest common factor of 1786 and 8742.
94
What is the highest common divisor of 462 and 1722?
42
Calculate the greatest common divisor of 49609 and 5453.
133
What is the greatest common factor of 373 and 11?
1
What is the highest common factor of 22632 and 89608?
184
What is the highest common factor of 189 and 31787?
7
Calculate the highest common divisor of 35904 and 1848.
264
Calculate the greatest common divisor of 3753 and 2214.
27
Calculate the highest common factor of 171515 and 45.
5
What is the greatest common divisor of 6054 and 8?
2
What is the greatest common divisor of 224 and 37800?
56
What is the greatest common divisor of 90 and 450510?
30
Calculate the greatest common divisor of 11134 and 1026.
38
Calculate the highest common divisor of 1972 and 94520.
68
Calculate the greatest common divisor of 27979 and 539.
49
Calculate the highest common factor of 817 and 49493.
43
What is the highest common divisor of 127150 and 200?
50
What is the greatest common factor of 13365 and 2255?
55
What is the highest common divisor of 12 and 28974?
6
What is the greatest common divisor of 28 and 88676?
28
What is the highest common factor of 63096 and 484?
44
Calculate the greatest common factor of 2805 and 21615.
165
What is the greatest common divisor of 30709 and 321?
107
Calculate the highest common factor of 3419 and 585.
13
Calculate the greatest common divisor of 468 and 15228.
36
Calculate the greatest common factor of 2001 and 23577.
87
Calculate the highest common divisor of 6721 and 33.
11
Calculate the greatest common factor of 13298 and 113578.
218
What is the greatest common divisor of 3042 and 128232?
234
Calculate the greatest common divisor of 123512 and 8.
8
Calculate the greatest common divisor of 1464 and 2745.
183
What is the highest common divisor of 61529 and 182?
13
What is the greatest common factor of 136 and 2278?
34
What is the highest common factor of 3392 and 110717?
53
Calculate the greatest common factor of 798 and 10290.
42
What is the greatest common factor of 30 and 5387430?
30
What is the highest common factor of 35065 and 5?
5
Calculate the highest common factor of 71177 and 11754.
653
What is the highest common divisor of 877 and 10766929?
877
What is the greatest common factor of 10157 and 2?
1
What is the greatest common factor of 471826 and 1076?
538
Calculate the highest common divisor of 703 and 2451.
19
Calculate the greatest common divisor of 1012 and 72.
4
What is the highest common divisor of 19926 and 1620?
162
What is the greatest common factor of 1584 and 8272?
176
What is the greatest common divisor of 65653 and 166?
83
What is the greatest common divisor of 34515 and 90?
45
Calculate the greatest common factor of 52914 and 258.
6
What is the highest common divisor of 4257 and 5247?
99
Calculate the highest common divisor of 117 and 488072.
13
Calculate the highest common factor of 22274 and 1702.
74
Calculate the greatest common factor of 156787 and 166.
83
Calculate the greatest common factor of 24 and 2369058.
6
Calculate the highest common divisor of 8950 and 4050.
50
Calculate the greatest common divisor of 525438 and 12.
6
Calculate the highest common factor of 78443 and 188.
47
Calculate the highest common factor of 506 and 407.
11
What is the greatest common factor of 66395 and 271?
271
What is the highest common divisor of 1442286 and 6264?
1566
What is the highest common factor of 33 and 3264063?
33
Calculate the highest common factor of 765 and 110466.
153
Calculate the highest common divisor of 44070 and 30030.
390
What is the greatest common factor of 42 and 2500694?
14
What is the greatest common divisor of 205585 and 45?
5
What is the greatest common divisor of 4016 and 1506?
502
Calculate the greatest common factor of 54435 and 21010.
955
Calculate the highest common divisor of 68479 and 62.
31
Calculate the highest common divisor of 850 and 5600.
50
What is the greatest common divisor of 480 and 232944?
48
Calculate the highest common factor of 38 and 72694.
38
What is the highest common factor of 1928 and 587799?
241
Calculate the highest common divisor of 4828 and 153.
17
Calculate the highest common divisor of 12461 and 493.
17
What is the highest common divisor of 4017 and 38625?
309
What is the greatest common divisor of 117360 and 9?
9
What is the greatest common factor of 562 and 528280?
562
What is the greatest common divisor of 37259 and 2299?
19
What is the greatest common divisor of 12337038 and 2506?
2506
Calculate the greatest common divisor of 48474 and 1476.
18
Calculate the greatest common factor of 50504 and 177.
59
Calculate the greatest common divisor of 296 and 5587.
37
Calculate the greatest common factor of 60 and 522820.
20
Calculate the highest common factor of 5776 and 32.
16
What is the greatest common factor of 612803 and 316?
79
What is the greatest common divisor of 3687 and 696?
3
Calculate the highest common factor of 44689 and 1139.
67
Calculate the highest common divisor of 66 and 54582.
66
What is the highest common divisor of 2156 and 10516?
44
Calculate the greatest common divisor of 908 and 1790349.
227
What is the greatest common divisor of 4072 and 72?
8
What is the greatest common divisor of 13209 and 1071?
357
Calculate the highest common factor of 586 and 131.
1
Calculate the highest common divisor of 52286 and 80